{"id":67,"date":"2019-07-16T21:23:28","date_gmt":"2019-07-16T20:23:28","guid":{"rendered":"http:\/\/aracsiref.hu\/?page_id=67"},"modified":"2019-08-13T16:11:23","modified_gmt":"2019-08-13T15:11:23","slug":"szolomunkak","status":"publish","type":"page","link":"https:\/\/aracsiref.hu\/?page_id=67","title":{"rendered":"Sz\u0151l\u0151munk\u00e1k"},"content":{"rendered":"\n<p>A Balatonar\u00e9csi Reform\u00e1tus Egyh\u00e1zk\u00f6zs\u00e9g sz\u0151l\u0151 ter\u00fclete a Tam\u00e1s-hegyen tal\u00e1lhat\u00f3, ahol olaszrizling sz\u0151l\u0151t termeszt\u00fcnk. A bel\u0151le k\u00e9sz\u00fclt sz\u00e1raz feh\u00e9rbor Calvino n\u00e9ven palackoz\u00e1sra is ker\u00fcl. A sz\u0151l\u00e9szeti \u00e9s bor\u00e1szati munk\u00e1latokat Ga\u00e1l Botond presbiter vezet\u00e9s\u00e9vel az Egyh\u00e1zk\u00f6zs\u00e9g tagjai v\u00e9gzik. A kiemelt esem\u00e9nyekr\u0151l f\u00e9nyk\u00e9palbumok k\u00e9sz\u00fclnek, amelyek itt tekinthet\u0151k meg:<\/p>\n\n\n\n<p>030913_egyh\u00e1zi sz\u00fcret<\/p>\n\n\n\n<p><a href=\"https:\/\/photos.google.com\/share\/AF1QipPb-z7BqMunRpGp_vwKBvVPJ5kGtfbNt_kHRBX0f1W9aUnS3mvQyKBNYUecuPocFg?key=eHdHT3lIOVVQLW1fdTBFNzNCSE41Rm1rbGNkeFVR\">https:\/\/photos.google.com\/share\/AF1QipPb-z7BqMunRpGp_vwKBvVPJ5kGtfbNt_kHRBX0f1W9aUnS3mvQyKBNYUecuPocFg?key=eHdHT3lIOVVQLW1fdTBFNzNCSE41Rm1rbGNkeFVR<\/a><\/p>\n\n\n\n<p>041009_ egyh\u00e1zi sz\u00fcret<\/p>\n\n\n\n<p><a href=\"https:\/\/photos.google.com\/share\/AF1QipO28j_Gn-plUotFC3Ch1N6iAvz-NfanDOR3M9RmKcjTAZI6el2i1LAcOjavW8ex6w?key=ZVoybVctSERwbWpaRldvUW0xaEUwQ2FpX2hiLTJR\">https:\/\/photos.google.com\/share\/AF1QipO28j_Gn-plUotFC3Ch1N6iAvz-NfanDOR3M9RmKcjTAZI6el2i1LAcOjavW8ex6w?key=ZVoybVctSERwbWpaRldvUW0xaEUwQ2FpX2hiLTJR<\/a><\/p>\n\n\n\n<p>061013_ egyh\u00e1zi sz\u00fcret<\/p>\n\n\n\n<p><a href=\"https:\/\/photos.google.com\/share\/AF1QipMF2kf7sHGlnalrBb1ATOUxIWw-rJm6q60ZxvT9KXCHe6Mq9-9hCL3r_VifE_Z4xQ?key=N3ZBRzBUV2ZlTlBxejREUE9vMVJPcGtDZzZYektB\">https:\/\/photos.google.com\/share\/AF1QipMF2kf7sHGlnalrBb1ATOUxIWw-rJm6q60ZxvT9KXCHe6Mq9-9hCL3r_VifE_Z4xQ?key=N3ZBRzBUV2ZlTlBxejREUE9vMVJPcGtDZzZYektB<\/a><\/p>\n\n\n\n<p>070924_ egyh\u00e1zi sz\u00fcret<\/p>\n\n\n\n<p><a href=\"https:\/\/photos.google.com\/share\/AF1QipMdTOs2WADnmx7eGD_uLpF-0Ehqf7fMEDEHob_ynHSugtFGqAzWBXXI1bqUS2EhGA?key=Ul9ZMnhfa18zLWJUcTlyRTJnTl8tdU0zM1d0NkxB\">https:\/\/photos.google.com\/share\/AF1QipMdTOs2WADnmx7eGD_uLpF-0Ehqf7fMEDEHob_ynHSugtFGqAzWBXXI1bqUS2EhGA?key=Ul9ZMnhfa18zLWJUcTlyRTJnTl8tdU0zM1d0NkxB<\/a><\/p>\n\n\n\n<p>160924_ egyh\u00e1zi sz\u00fcret<\/p>\n\n\n\n<p><a href=\"https:\/\/photos.google.com\/share\/AF1QipOIJC6RdyoHSgyPDTCmcAhoG6LdX21ZWuBTwwe71QR5tOz6cDJcnJL08CWj-iyu-Q?key=ZE9pVXFMd1JWVktkLWJscTZNZ0Z2ODNmM0h5VWtR\">https:\/\/photos.google.com\/share\/AF1QipOIJC6RdyoHSgyPDTCmcAhoG6LdX21ZWuBTwwe71QR5tOz6cDJcnJL08CWj-iyu-Q?key=ZE9pVXFMd1JWVktkLWJscTZNZ0Z2ODNmM0h5VWtR<\/a><\/p>\n\n\n\n<p>170923_ egyh\u00e1zi sz\u00fcret<\/p>\n\n\n\n<p><a href=\"https:\/\/photos.google.com\/share\/AF1QipOWzmVPHusEyFirbJM5gVeCvkkeucJ4fSNC23pE0FyFS5I-9GHwau4quEzivHeqSQ?key=cktxTlZqbldDNTd6bHlQXzQyTVlHVXg1YTFxRDZB\">https:\/\/photos.google.com\/share\/AF1QipOWzmVPHusEyFirbJM5gVeCvkkeucJ4fSNC23pE0FyFS5I-9GHwau4quEzivHeqSQ?key=cktxTlZqbldDNTd6bHlQXzQyTVlHVXg1YTFxRDZB<\/a><\/p>\n\n\n\n<figure class=\"wp-block-image is-resized\"><img loading=\"lazy\" decoding=\"async\" src=\"http:\/\/aracsiref.hu\/wp-content\/uploads\/2019\/08\/calvino-2017.jpg\" alt=\"\" class=\"wp-image-304\" width=\"264\" height=\"311\" srcset=\"https:\/\/aracsiref.hu\/wp-content\/uploads\/2019\/08\/calvino-2017.jpg 527w, https:\/\/aracsiref.hu\/wp-content\/uploads\/2019\/08\/calvino-2017-254x300.jpg 254w\" sizes=\"auto, (max-width: 264px) 100vw, 264px\" \/><\/figure>\n","protected":false},"excerpt":{"rendered":"<p>A Balatonar\u00e9csi Reform\u00e1tus Egyh\u00e1zk\u00f6zs\u00e9g sz\u0151l\u0151 ter\u00fclete a Tam\u00e1s-hegyen tal\u00e1lhat\u00f3, ahol olaszrizling sz\u0151l\u0151t termeszt\u00fcnk. A bel\u0151le k\u00e9sz\u00fclt sz\u00e1raz feh\u00e9rbor Calvino n\u00e9ven palackoz\u00e1sra is ker\u00fcl. A sz\u0151l\u00e9szeti \u00e9s bor\u00e1szati munk\u00e1latokat Ga\u00e1l Botond presbiter vezet\u00e9s\u00e9vel az Egyh\u00e1zk\u00f6zs\u00e9g tagjai v\u00e9gzik. A kiemelt esem\u00e9nyekr\u0151l f\u00e9nyk\u00e9palbumok k\u00e9sz\u00fclnek, amelyek itt tekinthet\u0151k meg: 030913_egyh\u00e1zi sz\u00fcret https:\/\/photos.google.com\/share\/AF1QipPb-z7BqMunRpGp_vwKBvVPJ5kGtfbNt_kHRBX0f1W9aUnS3mvQyKBNYUecuPocFg?key=eHdHT3lIOVVQLW1fdTBFNzNCSE41Rm1rbGNkeFVR 041009_ egyh\u00e1zi sz\u00fcret https:\/\/photos.google.com\/share\/AF1QipO28j_Gn-plUotFC3Ch1N6iAvz-NfanDOR3M9RmKcjTAZI6el2i1LAcOjavW8ex6w?key=ZVoybVctSERwbWpaRldvUW0xaEUwQ2FpX2hiLTJR 061013_ egyh\u00e1zi sz\u00fcret&#8230; <\/p>\n","protected":false},"author":2,"featured_media":0,"parent":22,"menu_order":40,"comment_status":"closed","ping_status":"closed","template":"","meta":{"_monsterinsights_skip_tracking":false,"_monsterinsights_sitenote_active":false,"_monsterinsights_sitenote_note":"","_monsterinsights_sitenote_category":0,"footnotes":""},"class_list":["post-67","page","type-page","status-publish","hentry"],"aioseo_notices":[],"_links":{"self":[{"href":"https:\/\/aracsiref.hu\/index.php?rest_route=\/wp\/v2\/pages\/67","targetHints":{"allow":["GET"]}}],"collection":[{"href":"https:\/\/aracsiref.hu\/index.php?rest_route=\/wp\/v2\/pages"}],"about":[{"href":"https:\/\/aracsiref.hu\/index.php?rest_route=\/wp\/v2\/types\/page"}],"author":[{"embeddable":true,"href":"https:\/\/aracsiref.hu\/index.php?rest_route=\/wp\/v2\/users\/2"}],"replies":[{"embeddable":true,"href":"https:\/\/aracsiref.hu\/index.php?rest_route=%2Fwp%2Fv2%2Fcomments&post=67"}],"version-history":[{"count":7,"href":"https:\/\/aracsiref.hu\/index.php?rest_route=\/wp\/v2\/pages\/67\/revisions"}],"predecessor-version":[{"id":379,"href":"https:\/\/aracsiref.hu\/index.php?rest_route=\/wp\/v2\/pages\/67\/revisions\/379"}],"up":[{"embeddable":true,"href":"https:\/\/aracsiref.hu\/index.php?rest_route=\/wp\/v2\/pages\/22"}],"wp:attachment":[{"href":"https:\/\/aracsiref.hu\/index.php?rest_route=%2Fwp%2Fv2%2Fmedia&parent=67"}],"curies":[{"name":"wp","href":"https:\/\/api.w.org\/{rel}","templated":true}]}}