{"id":1876,"date":"2025-04-28T20:36:09","date_gmt":"2025-04-28T19:36:09","guid":{"rendered":"https:\/\/aracsiref.hu\/?page_id=1876"},"modified":"2025-04-28T20:36:10","modified_gmt":"2025-04-28T19:36:10","slug":"sajtokozlemeny","status":"publish","type":"page","link":"https:\/\/aracsiref.hu\/?page_id=1876","title":{"rendered":"Sajt\u00f3k\u00f6zlem\u00e9ny"},"content":{"rendered":"\n<p>Befejez\u0151d\u00f6tt az ar\u00e1csi h\u00e1ziorvosi rendel\u0151k fel\u00faj\u00edt\u00e1sa<\/p>\n\n\n\n<figure class=\"wp-block-image size-large\"><img loading=\"lazy\" decoding=\"async\" width=\"1024\" height=\"293\" src=\"https:\/\/aracsiref.hu\/wp-content\/uploads\/2025\/04\/SzTplusz-1024x293.jpg\" alt=\"\" class=\"wp-image-1877\" srcset=\"https:\/\/aracsiref.hu\/wp-content\/uploads\/2025\/04\/SzTplusz-1024x293.jpg 1024w, https:\/\/aracsiref.hu\/wp-content\/uploads\/2025\/04\/SzTplusz-300x86.jpg 300w, https:\/\/aracsiref.hu\/wp-content\/uploads\/2025\/04\/SzTplusz-768x220.jpg 768w, https:\/\/aracsiref.hu\/wp-content\/uploads\/2025\/04\/SzTplusz.jpg 1291w\" sizes=\"auto, (max-width: 1024px) 100vw, 1024px\" \/><\/figure>\n\n\n\n<p>Meg\u00fajultak az ar\u00e1csi h\u00e1ziorvosi rendel\u0151k. Az \u201eH\u00e1ziorvosi rendel\u0151k infrastruktur\u00e1lis \u00e9s orvosi m\u0171szer parkj\u00e1nak korszer\u0171s\u00edt\u00e9se Balatonar\u00e1cson c\u00edm\u0171, TOP_PLUSZ-3.3.2-21-VE1-2022-00003 azonos\u00edt\u00f3sz\u00e1m\u00fa projekt keret\u00e9ben 99 932 538 forintos p\u00e1ly\u00e1zati t\u00e1mogat\u00e1sb\u00f3l \u00faj\u00edtotta fel a Balatonar\u00e1csi reform\u00e1tus Egyh\u00e1zk\u00f6zs\u00e9g az ar\u00e1csi orvosi rendel\u0151t.<br>A m\u0171eml\u00e9ki ter\u00fcleten \u00e1ll\u00f3 L\u00f3czy Lajos utca 64. sz\u00e1m alatt tal\u00e1lhat\u00f3 balatonar\u00e1csi h\u00e1ziorvosi rendel\u0151 234 m2 alapter\u00fclet\u0171, helyi v\u00e9detts\u00e9g\u0171 \u00e9p\u00fclete nem csak k\u00edv\u00fclr\u0151l \u00fajult meg, de a Sz\u00e9chenyi Terv Plusz program keret\u00e9ben elv\u00e9gezt\u00e9k a kert-\u00e9s park\u00e9p\u00edt\u00e9si munk\u00e1kat is.<\/p>\n\n\n\n<p>Az \u00e9p\u00fcletet feltehet\u0151en az 1900-as \u00e9vek elej\u00e9n \u00e9p\u00edtett\u00e9k, majd t\u00f6bbsz\u00f6ri \u00e1talak\u00edt\u00e1s ut\u00e1n orvosi rendel\u0151k kaptak helyet benne. Jelenleg egy feln\u0151tt \u00e9s egy gyerekrendel\u0151 \u00fczemel itt. Az \u00e9p\u00edttet\u0151 c\u00e9lja a megl\u00e9v\u0151 \u00e9p\u00fclet r\u00e9szbeni korszer\u0171s\u00edt\u00e9se, akad\u00e1lymentes\u00edt\u00e9se. Az \u00e1t\u00e9p\u00edt\u00e9s sor\u00e1n megmaradtak a funkcion\u00e1lisan elk\u00fcl\u00f6n\u00edtett \u00e9s \u00f6n\u00e1ll\u00f3an megk\u00f6zel\u00edthet\u0151 egys\u00e9gek (feln\u0151tt rendel\u0151 \u00e9s gyermek rendel\u0151), a feln\u0151tt rendel\u0151 egy r\u00e9sz\u00e9n egy \u00f6n\u00e1ll\u00f3an \u00fczemeltethet\u0151 kezel\u0151 ker\u00fcl kialak\u00edt\u00e1sra.<\/p>\n\n\n\n<p>A feln\u0151tt rendel\u0151ben az el\u0151t\u00e9rb\u0151l ny\u00edl\u00f3, k\u00f6z\u00f6s haszn\u00e1lat\u00fa akad\u00e1lymentes haszn\u00e1latra is alkalmas csempeburkolattal ell\u00e1tott mosd\u00f3 \u00e9p\u00fclt. A rendel\u0151ben h\u00e1tul \u00f6n\u00e1ll\u00f3 bej\u00e1rat\u00fa kezel\u0151 helyis\u00e9get alak\u00edtanak ki.<br>A gyermekrendel\u0151ben az el\u0151t\u00e9rb\u0151l ny\u00edl\u00f3, k\u00f6z\u00f6s haszn\u00e1lat\u00fa akad\u00e1lymentes haszn\u00e1latra is alkalmas csempeburkolattal ell\u00e1tott mosd\u00f3 \u00e9s pelenk\u00e1z\u00f3t \u00e9s egy szem\u00e9lyzeti szoci\u00e1lis blokkot alak\u00edtottak ki \u00f6lt\u00f6z\u0151vel, mosd\u00f3val.<br>A v\u00e1r\u00f3ban \u00faj \u00e9p\u00edtett \u00fcl\u0151padot \u00e9s \u00e9p\u00edtett gyerekkuck\u00f3t alak\u00edtottak ki.<br>Az \u00e9p\u00fclet el\u0151tt t\u00e9rk\u00f6veztek \u00e9s t\u00f6bb lett a parkol\u00f3 is. A t\u00e9rburkolatokon \u00e9s a tet\u0151n \u00f6sszegy\u0171jt\u00f6tt csapad\u00e9kv\u00edz z\u00e1rt rendszerbe ker\u00fclt, \u00e9s a szomsz\u00e9dos Ar\u00e1csi-S\u00e9d patakba folyik bele. A f\u0171t\u00e9st a t\u00e1mogat\u00e1s keret\u00e9ben kialak\u00edtott elektromos \u00fczem\u0171 h\u0151szivatty\u00fak \u00e9s f\u0171t\u0151f\u00f3li\u00e1k szolg\u00e1ltatj\u00e1k.<\/p>\n\n\n\n<p><\/p>\n\n\n\n<p>Tov\u00e1bbi inform\u00e1ci\u00f3: <a href=\"https:\/\/balatonfured.hu\/2024\/11\/20\/haziorvosi-rendelok-infrastrukturalis-es-orvosi-muszer-parkjanak-korszerusitese-balatonaracson\/\" target=\"_blank\" rel=\"noopener\" title=\"\">https:\/\/balatonfured.hu\/2024\/11\/20\/haziorvosi-rendelok-infrastrukturalis-es-orvosi-muszer-parkjanak-korszerusitese-balatonaracson\/<\/a><\/p>\n\n\n\n<p><\/p>\n","protected":false},"excerpt":{"rendered":"<p>Befejez\u0151d\u00f6tt az ar\u00e1csi h\u00e1ziorvosi rendel\u0151k fel\u00faj\u00edt\u00e1sa Meg\u00fajultak az ar\u00e1csi h\u00e1ziorvosi rendel\u0151k. Az \u201eH\u00e1ziorvosi rendel\u0151k infrastruktur\u00e1lis \u00e9s orvosi m\u0171szer parkj\u00e1nak korszer\u0171s\u00edt\u00e9se Balatonar\u00e1cson c\u00edm\u0171, TOP_PLUSZ-3.3.2-21-VE1-2022-00003 azonos\u00edt\u00f3sz\u00e1m\u00fa projekt keret\u00e9ben 99 932 538 forintos p\u00e1ly\u00e1zati t\u00e1mogat\u00e1sb\u00f3l \u00faj\u00edtotta fel a Balatonar\u00e1csi reform\u00e1tus Egyh\u00e1zk\u00f6zs\u00e9g az ar\u00e1csi orvosi rendel\u0151t.A m\u0171eml\u00e9ki ter\u00fcleten \u00e1ll\u00f3 L\u00f3czy Lajos utca 64. sz\u00e1m alatt tal\u00e1lhat\u00f3 balatonar\u00e1csi h\u00e1ziorvosi rendel\u0151&#8230; <\/p>\n","protected":false},"author":2,"featured_media":0,"parent":52,"menu_order":0,"comment_status":"closed","ping_status":"closed","template":"","meta":{"_monsterinsights_skip_tracking":false,"_monsterinsights_sitenote_active":false,"_monsterinsights_sitenote_note":"","_monsterinsights_sitenote_category":0,"footnotes":""},"class_list":["post-1876","page","type-page","status-publish","hentry"],"aioseo_notices":[],"_links":{"self":[{"href":"https:\/\/aracsiref.hu\/index.php?rest_route=\/wp\/v2\/pages\/1876","targetHints":{"allow":["GET"]}}],"collection":[{"href":"https:\/\/aracsiref.hu\/index.php?rest_route=\/wp\/v2\/pages"}],"about":[{"href":"https:\/\/aracsiref.hu\/index.php?rest_route=\/wp\/v2\/types\/page"}],"author":[{"embeddable":true,"href":"https:\/\/aracsiref.hu\/index.php?rest_route=\/wp\/v2\/users\/2"}],"replies":[{"embeddable":true,"href":"https:\/\/aracsiref.hu\/index.php?rest_route=%2Fwp%2Fv2%2Fcomments&post=1876"}],"version-history":[{"count":1,"href":"https:\/\/aracsiref.hu\/index.php?rest_route=\/wp\/v2\/pages\/1876\/revisions"}],"predecessor-version":[{"id":1878,"href":"https:\/\/aracsiref.hu\/index.php?rest_route=\/wp\/v2\/pages\/1876\/revisions\/1878"}],"up":[{"embeddable":true,"href":"https:\/\/aracsiref.hu\/index.php?rest_route=\/wp\/v2\/pages\/52"}],"wp:attachment":[{"href":"https:\/\/aracsiref.hu\/index.php?rest_route=%2Fwp%2Fv2%2Fmedia&parent=1876"}],"curies":[{"name":"wp","href":"https:\/\/api.w.org\/{rel}","templated":true}]}}