{"id":140,"date":"2019-07-22T20:29:53","date_gmt":"2019-07-22T19:29:53","guid":{"rendered":"http:\/\/aracsiref.hu\/?page_id=140"},"modified":"2019-08-16T22:01:05","modified_gmt":"2019-08-16T21:01:05","slug":"ginop","status":"publish","type":"page","link":"https:\/\/aracsiref.hu\/?page_id=140","title":{"rendered":"A  GINOP-3.3.3.-17-2019-00136  p\u00e1ly\u00e1zat alapadatai"},"content":{"rendered":"\n<p><\/p>\n\n\n\n<ul class=\"wp-block-list\"><li>a kedvezm\u00e9nyezett neve: Balatonar\u00e1csi Reform\u00e1tus Egyh\u00e1zk\u00f6zs\u00e9g<\/li><li>a projekt c\u00edme: Digit\u00e1lis vil\u00e1g Balatonar\u00e1cson<\/li><li>a szerz\u0151d\u00f6tt t\u00e1mogat\u00e1s \u00f6sszege: 9,000.000 Ft<\/li><li>a t\u00e1mogat\u00e1s m\u00e9rt\u00e9ke (%-ban): 90%<\/li><li>a projekt tartalm\u00e1nak bemutat\u00e1sa: alapvet\u0151 c\u00e9lunk, hogy kialak\u00edtsuk \u00e9s elm\u00e9ly\u00edts\u00fck a digit\u00e1lis m\u0171velts\u00e9get egyh\u00e1zk\u00f6z\u00f6ss\u00e9g\u00fcnk tagjainak \u00e9s az \u00e1ltalunk fenntartott Csillagkert \u00f3voda nevel\u0151inek, a gyermekek sz\u00fcleinek, nagysz\u00fcleinek, k\u00fcl\u00f6n\u00f6sen a k\u00f6zigazgat\u00e1si, k\u00f6zszolg\u00e1ltat\u00e1si, k\u00f6znevel\u00e9si, e-kereskedelmi, eg\u00e9szs\u00e9g\u00fcgyi \u00e9s digit\u00e1lis kapcsolattart\u00e1s ter\u00fcleteken.<\/li><\/ul>\n\n\n\n<pre class=\"wp-block-preformatted\"><strong>I.\/<\/strong>&nbsp;\"<strong>Digit\u00e1lis vil\u00e1g - ifjakt\u00f3l az \u00f6r\u00f6k ifjakig<\/strong>\" foglalkoz\u00e1s (tanfolyam) megszervez\u00e9se<\/pre>\n\n\n\n<p>2020. janu\u00e1r-m\u00e1rcius k\u00f6z\u00f6tt: 2 hetente; alkalmank\u00e9nt 1,5 \u00f3ra elm\u00e9let \u00e9s gyakorlat; a N\u00e9ph\u00e1zban alkalmank\u00e9nt 10-15 f\u0151 r\u00e9szv\u00e9tel\u00e9vel, cs\u00fct\u00f6rt\u00f6k d.u. 16-18 \u00f3ra k\u00f6z\u00f6tt. Ig\u00e9ny eset\u00e9n hasonl\u00f3 tematik\u00e1val \u00e9s gyakoris\u00e1ggal, a v\u00e1lt\u00f3 heteken megism\u00e9telend\u0151.<\/p>\n\n\n\n<p><em>Tematika:<\/em><\/p>\n\n\n\n<p>1.\/ ismerked\u00e9s az eszk\u00f6z\u00f6kkel, alapfunkci\u00f3ikkal; alkalmaz\u00e1sok, programok az eszk\u00f6z\u00f6k\u00f6n<\/p>\n\n\n\n<p>2.\/ internetkapcsolat, weboldalak: h\u00edrport\u00e1lok<\/p>\n\n\n\n<p>3.\/ Wikip\u00e9dia, keres\u00e9s (k\u00e9pek, sz\u00f6vegek)<\/p>\n\n\n\n<p>4.\/ on-line t\u00e9rk\u00e9pek keres\u00e9se, \u00fatvonaltervez\u00e9s<\/p>\n\n\n\n<p>5.\/ on-line vide\u00f3k, filmek keres\u00e9se, let\u00f6lt\u00e9se<\/p>\n\n\n\n<p>6.\/ e-mail fi\u00f3k l\u00e9trehoz\u00e1sa; az elektronikus levelez\u00e9s alapjai (lev\u00e9l k\u00fcld\u00e9se, fogad\u00e1sa)<\/p>\n\n\n\n<p>7.\/ k\u00f6z\u00f6ss\u00e9gi m\u00e9dia; Facebook (fi\u00f3k l\u00e9trehoz\u00e1sa, alapbe\u00e1ll\u00edt\u00e1sok)<\/p>\n\n\n\n<p>8.\/ \u00fcgyf\u00e9lkapu (l\u00e9trehoz\u00e1sa, alapfunkci\u00f3inak megismer\u00e9se); \u00e1ll\u00e1skeres\u00e9s on-line<\/p>\n\n\n\n<p>9.\/ on-line v\u00e1s\u00e1rl\u00e1sok<\/p>\n\n\n\n<p>10.\/ \u00f6sszefoglal\u00e1s, a felmer\u00fcl\u0151 k\u00e9rd\u00e9sek megbesz\u00e9l\u00e9se<\/p>\n\n\n\n<p>a r\u00e9sztvev\u0151k v\u00e1rhat\u00f3 l\u00e9tsz\u00e1ma: 100-200 f\u0151<\/p>\n\n\n\n<p><strong>II.\/<\/strong>&nbsp;<strong>Tematikus rendezv\u00e9nyek szervez\u00e9se<\/strong><\/p>\n\n\n\n<p>1) 2019 ny\u00e1r: az Ap\u00e1caszak\u00e1llasi Reform\u00e1tus testv\u00e9rgy\u00fclekezet (lelk\u00e9sze a Pozsonyi Egyh\u00e1zmegye esperese, a Kom\u00e1romi Selye J\u00e1nos (magyar nyelv\u0171) Reform\u00e1tus Teol\u00f3giai Egyetem tansz\u00e9kvezet\u0151 professzora) fogad\u00e1sa (2 napos rendezv\u00e9ny), melynek keret\u00e9ben k\u00f6z\u00f6s szakmai \u00e9s kultur\u00e1lis programokat szervez\u00fcnk a Balatonar\u00e1csi templomban, templomkertben \u00e9s a k\u00f6rny\u00e9k nevezetess\u00e9geinek megtekint\u00e9s\u00e9ben. A testv\u00e9r egyh\u00e1zk\u00f6z\u00f6ss\u00e9g tagjai kapcsolatokat alak\u00edtanak ki, a m\u00e1r megl\u00e9v\u0151 bar\u00e1ti kapcsolatokat \u00e1polj\u00e1k \u00e9s er\u0151s\u00edtik.<\/p>\n\n\n\n<p>A rendezv\u00e9ny-sorozaton r\u00e9sztvev\u0151k v\u00e1rhat\u00f3 l\u00e9tsz\u00e1ma: 60 \u2013 100 f\u0151<\/p>\n\n\n\n<p>2) 2019 kora \u0151sz: szakmai el\u0151ad\u00e1st szervez\u00fcnk megh\u00edvott orvos-pszichol\u00f3gus \u00e9s informatikus el\u0151ad\u00f3k r\u00e9szv\u00e9tel\u00e9vel az \u201eInternet el\u0151nyei \u00e9s vesz\u00e9lyei\u201d c\u00edmmel, ez \u00f3vod\u00e1sok sz\u00fcleinek, nagysz\u00fcleinek \u00e9s a gy\u00fclekezeteink \u00e9rdekl\u0151d\u0151 tagjainak<\/p>\n\n\n\n<p>Az el\u0151ad\u00f3\u00fcl\u00e9sen r\u00e9sztvev\u0151k v\u00e1rhat\u00f3 l\u00e9tsz\u00e1ma: 60 \u2013 80 f\u0151<\/p>\n\n\n\n<p>3) 2020. febru\u00e1r-m\u00e1rcius: \u201eSz\u0151l\u00e9szet \u00e9s bor\u00e1szat digitaliz\u00e1l\u00e1sa a kis termel\u00e9sben\u201d t\u00e9m\u00e1ban 2 napos szakmai \u00fat a k\u00f6z\u00f6ss\u00e9geinkhez tartoz\u00f3, sz\u0151l\u00e9szettel \u00e9s bor\u00e1szattal is foglalkoz\u00f3, a digit\u00e1lis vil\u00e1g ir\u00e1nt \u00e9rdekl\u0151d\u0151 egyh\u00e1ztagjaink r\u00e9szv\u00e9tel\u00e9vel (Szeksz\u00e1rd vagy Kaposv\u00e1r vagy Eger k\u00f6rny\u00e9k\u00e9re).<\/p>\n\n\n\n<p>A tanulm\u00e1ny\u00faton r\u00e9sztvev\u0151k v\u00e1rhat\u00f3 l\u00e9tsz\u00e1ma: 35-40 f\u0151<\/p>\n\n\n\n<p>4) 2020. \u00e1prilisban hagyom\u00e1nyosan \u201eCsal\u00e1di napot\u201d szervez\u00fcnk az Ar\u00e1csi Koloska-v\u00f6lgyben, ahol standokon mutatkozik be a Balaton-felvid\u00e9ki Nemzeti Park, a N\u0151k a Balaton\u00e9rt civil szervezet, az Ar\u00e1cs\u00e9rt Alap\u00edtv\u00e1ny stb. Interakt\u00edv gyerekj\u00e1t\u00e9kok, sport-rendezv\u00e9nyek \u00e9s bemutat\u00f3k sz\u00f3rakoztatj\u00e1k a r\u00e9sztvev\u0151ket.<\/p>\n\n\n\n<p>A rendezv\u00e9nyen r\u00e9sztvev\u0151k v\u00e1rhat\u00f3 l\u00e9tsz\u00e1ma: 200-250 f\u0151<\/p>\n\n\n\n<style id=\"bwg-style-0\">    #bwg_container1_0 #bwg_container2_0 .bwg-container-0.bwg-standard-thumbnails {      width: 1254px;              justify-content: center;        margin:0 auto !important;              background-color: rgba(255, 255, 255, 0.00);            padding-left: 4px;      padding-top: 4px;      max-width: 100%;            }        #bwg_container1_0 #bwg_container2_0 .bwg-container-0.bwg-standard-thumbnails .bwg-item {    justify-content: flex-start;      max-width: 250px;          }    #bwg_container1_0 #bwg_container2_0 .bwg-container-0.bwg-standard-thumbnails .bwg-item a {       margin-right: 4px;       margin-bottom: 4px;    }    #bwg_container1_0 #bwg_container2_0 .bwg-container-0.bwg-standard-thumbnails .bwg-item0 {      padding: 0px;            background-color:rgba(0,0,0, 0.30);      border: 0px none #CCCCCC;      opacity: 1.00;      border-radius: 0;      box-shadow: ;    }    #bwg_container1_0 #bwg_container2_0 .bwg-container-0.bwg-standard-thumbnails .bwg-item1 img {      max-height: none;      max-width: none;      padding: 0 !important;    }         @media only screen and (min-width: 480px) {\t\t#bwg_container1_0 #bwg_container2_0 .bwg-container-0.bwg-standard-thumbnails .bwg-item1 img {\t\t\t-webkit-transition: all .3s; transition: all .3s;\t\t}\t\t#bwg_container1_0 #bwg_container2_0 .bwg-container-0.bwg-standard-thumbnails .bwg-item1 img:hover {\t\t\t-ms-transform: scale(1.08);\t\t\t-webkit-transform: scale(1.08);\t\t\ttransform: scale(1.08);\t\t}\t\t\t\t.bwg-standard-thumbnails .bwg-zoom-effect .bwg-zoom-effect-overlay {\t\t\t\t\t\tbackground-color:rgba(0,0,0, 0.3);\t\t}\t\t.bwg-standard-thumbnails .bwg-zoom-effect:hover img {\t\t\t-ms-transform: scale(1.08);\t\t\t-webkit-transform: scale(1.08);\t\t\ttransform: scale(1.08);\t\t}\t\t      }\t    #bwg_container1_0 #bwg_container2_0 .bwg-container-0.bwg-standard-thumbnails .bwg-item1 {      padding-top: 56%;    }        #bwg_container1_0 #bwg_container2_0 .bwg-container-0.bwg-standard-thumbnails .bwg-title1 {      position: absolute;      top: 0;      z-index: 100;      width: 100%;      height: 100%;      display: flex;      justify-content: center;      align-content: center;      flex-direction: column;      opacity: 0;    }\t      #bwg_container1_0 #bwg_container2_0 .bwg-container-0.bwg-standard-thumbnails .bwg-title2,    #bwg_container1_0 #bwg_container2_0 .bwg-container-0.bwg-standard-thumbnails .bwg-ecommerce2 {      color: #FFFFFF;      font-family: Ubuntu;      font-size: 16px;      font-weight: bold;      padding: 2px;      text-shadow: ;      max-height: 100%;    }    #bwg_container1_0 #bwg_container2_0 .bwg-container-0.bwg-standard-thumbnails .bwg-thumb-description span {    color: #323A45;    font-family: Ubuntu;    font-size: 12px;    max-height: 100%;    word-wrap: break-word;    }    #bwg_container1_0 #bwg_container2_0 .bwg-container-0.bwg-standard-thumbnails .bwg-play-icon2 {      font-size: 32px;    }    #bwg_container1_0 #bwg_container2_0 .bwg-container-0.bwg-standard-thumbnails .bwg-ecommerce2 {      font-size: 19.2px;      color: #323A45;    }    <\/style>    <div id=\"bwg_container1_0\"         class=\"bwg_container bwg_thumbnail bwg_thumbnails \"         data-right-click-protection=\"0\"         data-bwg=\"0\"         data-scroll=\"0\"         data-gallery-type=\"thumbnails\"         data-gallery-view-type=\"thumbnails\"         data-current-url=\"\/index.php?rest_route=%2Fwp%2Fv2%2Fpages%2F140\"         data-lightbox-url=\"https:\/\/aracsiref.hu\/wp-admin\/admin-ajax.php?action=GalleryBox&#038;current_view=0&#038;gallery_id=8&#038;tag=0&#038;theme_id=1&#038;shortcode_id=13&#038;sort_by=order&#038;order_by=asc&#038;current_url=%2Findex.php%3Frest_route%3D%252Fwp%252Fv2%252Fpages%252F140\"         data-gallery-id=\"8\"         data-popup-width=\"800\"         data-popup-height=\"500\"         data-is-album=\"gallery\"         data-buttons-position=\"bottom\">      <div id=\"bwg_container2_0\">             <div id=\"ajax_loading_0\" class=\"bwg_loading_div_1\">      <div class=\"bwg_loading_div_2\">        <div class=\"bwg_loading_div_3\">          <div id=\"loading_div_0\" class=\"bwg_spider_ajax_loading\">          <\/div>        <\/div>      <\/div>    <\/div>            <form id=\"gal_front_form_0\"              class=\"bwg-hidden\"              method=\"post\"              action=\"#\"              data-current=\"0\"              data-shortcode-id=\"13\"              data-gallery-type=\"thumbnails\"              data-gallery-id=\"8\"              data-tag=\"0\"              data-album-id=\"0\"              data-theme-id=\"1\"              data-ajax-url=\"https:\/\/aracsiref.hu\/wp-admin\/admin-ajax.php?action=bwg_frontend_data\">          <div id=\"bwg_container3_0\" class=\"bwg-background bwg-background-0\">                <div data-max-count=\"5\"         data-thumbnail-width=\"250\"         data-bwg=\"0\"         data-gallery-id=\"8\"         data-lightbox-url=\"https:\/\/aracsiref.hu\/wp-admin\/admin-ajax.php?action=GalleryBox&amp;current_view=0&amp;gallery_id=8&amp;tag=0&amp;theme_id=1&amp;shortcode_id=13&amp;sort_by=order&amp;order_by=asc&amp;current_url=%2Findex.php%3Frest_route%3D%252Fwp%252Fv2%252Fpages%252F140\"         id=\"bwg_thumbnails_0\"         class=\"bwg-container-0 bwg-thumbnails bwg-standard-thumbnails bwg-container bwg-border-box\">            <div class=\"bwg-item\">        <a class=\"bwg-a  bwg_lightbox\"  data-image-id=\"147\" href=\"https:\/\/aracsiref.hu\/wp-content\/uploads\/photo-gallery\/imported_from_media_libray\/GINOP1.jpg?bwg=1565989065\" data-elementor-open-lightbox=\"no\">                <div class=\"bwg-item0 \">          <div class=\"bwg-item1 bwg-zoom-effect\">            <div class=\"bwg-item2\">              <img decoding=\"async\" class=\"skip-lazy bwg_standart_thumb_img_0 \"                   data-id=\"147\"                   data-width=\"500\"                   data-height=\"332\"                   data-src=\"https:\/\/aracsiref.hu\/wp-content\/uploads\/photo-gallery\/imported_from_media_libray\/thumb\/GINOP1.jpg?bwg=1565989065\"                   src=\"https:\/\/aracsiref.hu\/wp-content\/uploads\/photo-gallery\/imported_from_media_libray\/thumb\/GINOP1.jpg?bwg=1565989065\"                   alt=\"GINOP1\"                   title=\"GINOP1\" \/>            <\/div>            <div class=\"bwg-zoom-effect-overlay\">              <div class=\"bwg-title1\"><div class=\"bwg-title2\">GINOP1<\/div><\/div>                                        <\/div>          <\/div>        <\/div>                        <\/a>              <\/div>            <div class=\"bwg-item\">        <a class=\"bwg-a  bwg_lightbox\"  data-image-id=\"146\" href=\"https:\/\/aracsiref.hu\/wp-content\/uploads\/photo-gallery\/imported_from_media_libray\/GINOP2.jpg?bwg=1565989065\" data-elementor-open-lightbox=\"no\">                <div class=\"bwg-item0 \">          <div class=\"bwg-item1 bwg-zoom-effect\">            <div class=\"bwg-item2\">              <img decoding=\"async\" class=\"skip-lazy bwg_standart_thumb_img_0 \"                   data-id=\"146\"                   data-width=\"332\"                   data-height=\"500\"                   data-src=\"https:\/\/aracsiref.hu\/wp-content\/uploads\/photo-gallery\/imported_from_media_libray\/thumb\/GINOP2.jpg?bwg=1565989065\"                   src=\"https:\/\/aracsiref.hu\/wp-content\/uploads\/photo-gallery\/imported_from_media_libray\/thumb\/GINOP2.jpg?bwg=1565989065\"                   alt=\"GINOP2\"                   title=\"GINOP2\" \/>            <\/div>            <div class=\"bwg-zoom-effect-overlay\">              <div class=\"bwg-title1\"><div class=\"bwg-title2\">GINOP2<\/div><\/div>                                        <\/div>          <\/div>        <\/div>                        <\/a>              <\/div>            <div class=\"bwg-item\">        <a class=\"bwg-a  bwg_lightbox\"  data-image-id=\"145\" href=\"https:\/\/aracsiref.hu\/wp-content\/uploads\/photo-gallery\/imported_from_media_libray\/GINOP3.jpg?bwg=1565989065\" data-elementor-open-lightbox=\"no\">                <div class=\"bwg-item0 \">          <div class=\"bwg-item1 bwg-zoom-effect\">            <div class=\"bwg-item2\">              <img decoding=\"async\" class=\"skip-lazy bwg_standart_thumb_img_0 \"                   data-id=\"145\"                   data-width=\"332\"                   data-height=\"500\"                   data-src=\"https:\/\/aracsiref.hu\/wp-content\/uploads\/photo-gallery\/imported_from_media_libray\/thumb\/GINOP3.jpg?bwg=1565989065\"                   src=\"https:\/\/aracsiref.hu\/wp-content\/uploads\/photo-gallery\/imported_from_media_libray\/thumb\/GINOP3.jpg?bwg=1565989065\"                   alt=\"GINOP3\"                   title=\"GINOP3\" \/>            <\/div>            <div class=\"bwg-zoom-effect-overlay\">              <div class=\"bwg-title1\"><div class=\"bwg-title2\">GINOP3<\/div><\/div>                                        <\/div>          <\/div>        <\/div>                        <\/a>              <\/div>          <\/div>    <style>      \/*pagination styles*\/      #bwg_container1_0 #bwg_container2_0 .tablenav-pages_0 {\t\t\t\ttext-align: center;\t\t\t\tfont-size: 12px;\t\t\t\tfont-family: Ubuntu;\t\t\t\tfont-weight: bold;\t\t\t\tcolor: #666666;\t\t\t\tmargin: 6px 0 4px;\t\t\t\tdisplay: block;      }      @media only screen and (max-width : 320px) {      #bwg_container1_0 #bwg_container2_0 .displaying-num_0 {     \t display: none;      }      }      #bwg_container1_0 #bwg_container2_0 .displaying-num_0 {\t\t\t\tfont-size: 12px;\t\t\t\tfont-family: Ubuntu;\t\t\t\tfont-weight: bold;\t\t\t\tcolor: #666666;\t\t\t\tmargin-right: 10px;\t\t\t\tvertical-align: middle;      }      #bwg_container1_0 #bwg_container2_0 .paging-input_0 {\t\t\t\tfont-size: 12px;\t\t\t\tfont-family: Ubuntu;\t\t\t\tfont-weight: bold;\t\t\t\tcolor: #666666;\t\t\t\tvertical-align: middle;      }      #bwg_container1_0 #bwg_container2_0 .tablenav-pages_0 a.disabled,      #bwg_container1_0 #bwg_container2_0 .tablenav-pages_0 a.disabled:hover,      #bwg_container1_0 #bwg_container2_0 .tablenav-pages_0 a.disabled:focus,\t\t\t#bwg_container1_0 #bwg_container2_0 .tablenav-pages_0 input.bwg_current_page {\t\t\t\tcursor: default;\t\t\t\tcolor: rgba(102, 102, 102, 0.5);      }      #bwg_container1_0 #bwg_container2_0 .tablenav-pages_0 a,      #bwg_container1_0 #bwg_container2_0 .tablenav-pages_0 input.bwg_current_page {\t\t\t\tcursor: pointer;\t\t\t\ttext-align: center;\t\t\t\tfont-size: 12px;\t\t\t\tfont-family: Ubuntu;\t\t\t\tfont-weight: bold;\t\t\t\tcolor: #666666;\t\t\t\ttext-decoration: none;\t\t\t\tpadding: 3px 6px;\t\t\t\tmargin: 0;\t\t\t\tborder-radius: 0;\t\t\t\tborder-style: solid;\t\t\t\tborder-width: 1px;\t\t\t\tborder-color: #E3E3E3;\t\t\t\t\t\t\t\tbackground-color: rgba(255, 255, 255, 1.00);\t\t\t\tbox-shadow: 0;\t\t\t\ttransition: all 0.3s ease 0s;-webkit-transition: all 0.3s ease 0s;      }      <\/style>      <span class=\"bwg_nav_cont_0\">              <div class=\"tablenav-pages_0\">                  <\/div>                <input type=\"hidden\" id=\"page_number_0\" name=\"page_number_0\" value=\"1\" \/>      <script type=\"text\/javascript\">        if( jQuery('.bwg_nav_cont_0').length > 1 ) {          jQuery('.bwg_nav_cont_0').first().remove()        }        function spider_page_0(cur, x, y, load_more) {          if (typeof load_more == \"undefined\") {            var load_more = false;          }          if (jQuery(cur).hasClass('disabled')) {            return false;          }          var items_county_0 = 1;          switch (y) {            case 1:              if (x >= items_county_0) {                document.getElementById('page_number_0').value = items_county_0;              }              else {                document.getElementById('page_number_0').value = x + 1;              }              break;            case 2:              document.getElementById('page_number_0').value = items_county_0;              break;            case -1:              if (x == 1) {                document.getElementById('page_number_0').value = 1;              }              else {                document.getElementById('page_number_0').value = x - 1;              }              break;            case -2:              document.getElementById('page_number_0').value = 1;              break;\t\t\t\t\t\tcase 0:              document.getElementById('page_number_0').value = x;              break;            default:              document.getElementById('page_number_0').value = 1;          }          bwg_ajax('gal_front_form_0', '0', 'bwg_thumbnails_0', '0', '', 'gallery', 0, '', '', load_more, '', 1);        }                    jQuery('.first-page-0').on('click', function () {              spider_page_0(this, 1, -2, 'numeric');              return false;            });            jQuery('.prev-page-0').on('click', function () {              spider_page_0(this, 1, -1, 'numeric');              return false;            });            jQuery('.next-page-0').on('click', function () {              spider_page_0(this, 1, 1, 'numeric');              return false;            });            jQuery('.last-page-0').on('click', function () {              spider_page_0(this, 1, 2, 'numeric');              return false;            });        \t\t\t\t\/* Change page on input enter. *\/        function bwg_change_page_0( e, that ) {          if (  e.key == 'Enter' ) {            var to_page = parseInt(jQuery(that).val());            var pages_count = jQuery(that).parents(\".pagination-links\").data(\"pages-count\");            var current_url_param = jQuery(that).attr('data-url-info');            if (to_page > pages_count) {              to_page = 1;            }\t \t\t\t\t\t\t\t\t\t\t\t\tspider_page_0(this, to_page, 0, 'numeric');\t\t\t\t\t\t\treturn false;\t\t\t\t\t\t          }          return true;        }        jQuery('.bwg_load_btn_0').on('click', function () {            spider_page_0(this, 1, 1, true);            return false;        });      <\/script>      <\/span>                <\/div>        <\/form>        <style>          #bwg_container1_0 #bwg_container2_0 #spider_popup_overlay_0 {          background-color: #EEEEEE;          opacity: 0.60;          }          <\/style>        <div id=\"bwg_spider_popup_loading_0\" class=\"bwg_spider_popup_loading\"><\/div>        <div id=\"spider_popup_overlay_0\" class=\"spider_popup_overlay\" onclick=\"spider_destroypopup(1000)\"><\/div>        <input type=\"hidden\" id=\"bwg_random_seed_0\" value=\"869308993\">                <\/div>    <\/div>    <script>      if (document.readyState === 'complete') {        if( typeof bwg_main_ready == 'function' ) {          if ( jQuery(\"#bwg_container1_0\").height() ) {            bwg_main_ready(jQuery(\"#bwg_container1_0\"));          }        }      } else {        document.addEventListener('DOMContentLoaded', function() {          if( typeof bwg_main_ready == 'function' ) {            if ( jQuery(\"#bwg_container1_0\").height() ) {             bwg_main_ready(jQuery(\"#bwg_container1_0\"));            }          }        });      }    <\/script>    \n","protected":false},"excerpt":{"rendered":"<p>a kedvezm\u00e9nyezett neve: Balatonar\u00e1csi Reform\u00e1tus Egyh\u00e1zk\u00f6zs\u00e9g a projekt c\u00edme: Digit\u00e1lis vil\u00e1g Balatonar\u00e1cson a szerz\u0151d\u00f6tt t\u00e1mogat\u00e1s \u00f6sszege: 9,000.000 Ft a t\u00e1mogat\u00e1s m\u00e9rt\u00e9ke (%-ban): 90% a projekt tartalm\u00e1nak bemutat\u00e1sa: alapvet\u0151 c\u00e9lunk, hogy kialak\u00edtsuk \u00e9s elm\u00e9ly\u00edts\u00fck a digit\u00e1lis m\u0171velts\u00e9get egyh\u00e1zk\u00f6z\u00f6ss\u00e9g\u00fcnk tagjainak \u00e9s az \u00e1ltalunk fenntartott Csillagkert \u00f3voda nevel\u0151inek, a gyermekek sz\u00fcleinek, nagysz\u00fcleinek, k\u00fcl\u00f6n\u00f6sen a k\u00f6zigazgat\u00e1si, k\u00f6zszolg\u00e1ltat\u00e1si, k\u00f6znevel\u00e9si, e-kereskedelmi,&#8230; <\/p>\n","protected":false},"author":2,"featured_media":0,"parent":52,"menu_order":0,"comment_status":"closed","ping_status":"closed","template":"","meta":{"_monsterinsights_skip_tracking":false,"_monsterinsights_sitenote_active":false,"_monsterinsights_sitenote_note":"","_monsterinsights_sitenote_category":0,"footnotes":""},"class_list":["post-140","page","type-page","status-publish","hentry"],"aioseo_notices":[],"_links":{"self":[{"href":"https:\/\/aracsiref.hu\/index.php?rest_route=\/wp\/v2\/pages\/140","targetHints":{"allow":["GET"]}}],"collection":[{"href":"https:\/\/aracsiref.hu\/index.php?rest_route=\/wp\/v2\/pages"}],"about":[{"href":"https:\/\/aracsiref.hu\/index.php?rest_route=\/wp\/v2\/types\/page"}],"author":[{"embeddable":true,"href":"https:\/\/aracsiref.hu\/index.php?rest_route=\/wp\/v2\/users\/2"}],"replies":[{"embeddable":true,"href":"https:\/\/aracsiref.hu\/index.php?rest_route=%2Fwp%2Fv2%2Fcomments&post=140"}],"version-history":[{"count":8,"href":"https:\/\/aracsiref.hu\/index.php?rest_route=\/wp\/v2\/pages\/140\/revisions"}],"predecessor-version":[{"id":475,"href":"https:\/\/aracsiref.hu\/index.php?rest_route=\/wp\/v2\/pages\/140\/revisions\/475"}],"up":[{"embeddable":true,"href":"https:\/\/aracsiref.hu\/index.php?rest_route=\/wp\/v2\/pages\/52"}],"wp:attachment":[{"href":"https:\/\/aracsiref.hu\/index.php?rest_route=%2Fwp%2Fv2%2Fmedia&parent=140"}],"curies":[{"name":"wp","href":"https:\/\/api.w.org\/{rel}","templated":true}]}}